53. Determine v(-142).
-11
Let d(c) = c**3 + 186*c**2 - 179*c + 1692. Give d(-187).
196
Let l(k) = -9601*k - 2256216. Give l(-235).
19
Let d(k) = -291*k**2 + 806*k + 14. Determine d(4).
-1418
Let f(g) = 2274440*g + 27. Give f(0).
27
Let a(o) = 6*o**3 - 2404*o**2 - 797*o - 2023. Determine a(401).
-18
Let h(p) = 8*p**2 + 151*p + 552. Give h(-5).
-3
Let a(g) = g**3 - 55*g**2 + 380*g + 988. What is a(-2)?
0
Let b(x) = -97460*x - 97464. What is b(-1)?
-4
Let s(d) = -18352*d - 238572. Give s(-13).
4
Let g(h) = -1215*h + 45282. Determine g(37).
327
Let j(a) = -a**3 + 107*a**2 - 2592*a + 25. Calculate j(37).
-49
Let v(h) = -700*h + 42776. What is v(61)?
76
Let m(s) = -2027*s - 723639. Determine m(-357).
0
Let v(b) = 19503*b**2 - 38996*b - 20. Calculate v(2).
0
Let a(i) = 284*i**2 - 21064*i + 3560. Give a(74).
8
Let u(k) = -820*k - 5591. Determine u(-7).
149
Let a(p) = -40*p**3 + 626*p**2 + p + 200. What is a(16)?
-3368
Let b(h) = h**3 - 29*h**2 + 15*h + 3019. Give b(22).
-39
Let o(x) = 2*x**2 + 1644*x + 277998. Calculate o(-584).
14
Let a(f) = 65747*f + 591715. Calculate a(-9).
-8
Let k(i) = -906*i - 109562. Give k(-121).
64
Let b(q) = 35*q**2 + 8920*q - 1238. What is b(-255)?
37
Let q(s) = 22*s**2 + 3194*s + 403. Give q(-145).
-177
Let o(g) = -2*g**3 + 33*g**2 + 44*g + 24. Give o(18).
-156
Let g(d) = -1364*d + 160931. Calculate g(118).
-21
Let p(j) = -465*j**3 - 8*j**2 - 24*j - 15. What is p(-1)?
466
Let x(l) = 3*l**3 - 51*l**2 - 1144*l + 15958. Give x(12).
70
Let h(j) = -241*j**2 - 174*j - 187. Determine h(-1).
-254
Let v(h) = 1277*h + 1276. Determine v(-1).
-1
Let f(n) = -33974*n + 237902. What is f(7)?
84
Let f(w) = 2762*w - 10757. What is f(4)?
291
Let w(p) = 3*p**3 + 213*p**2 + 567*p - 3052. Determine w(-68).
8
Let m(k) = -14335*k - 415738. What is m(-29)?
-23
Let v(k) = 1209*k + 110050. Calculate v(-91).
31
Let l(b) = -b**3 + 26*b**2 - 145*b - 221. Give l(11).
-1
Let j(k) = 28*k**2 + 379*k + 442. Calculate j(-13).
247
Let d(h) = 39023*h - 6165631. Calculate d(158).
3
Let s(a) = 4*a**3 + 202*a**2 - 120*a - 1411. Give s(-51).
-493
Let g(i) = -i**3 + 818*i**2 + 9208*i + 971. Give g(-11).
-8
Let l(t) = -t**3 - 322*t**2 - 327*t - 1886. Give l(-321).
40
Let t(y) = y**3 - 33*y**2 + 227*y - 131. Give t(9).
-32
Let r(j) = -2817*j + 183101. Give r(65).
-4
Let d(t) = -24974*t - 149900. Calculate d(-6).
-56
Let q(m) = -9993*m - 599533. Determine q(-60).
47
Let n(b) = 6*b**3 - 900*b**2 - 3838*b + 21863. Calculate n(154).
-5
Let h(i) = 11*i**3 - 1082*i**2 + 389*i + 335. Calculate h(98).
41
Let a(r) = 2*r**3 + 612*r**2 + 1825*r + 2233. Give a(-303).
112
Let j(z) = -z**3 + 48*z**2 - 92*z + 230. What is j(46)?
230
Let x(t) = -10*t**3 + 40*t**2 - 37*t + 10. What is x(3)?
-11
Let v(a) = 3*a**3 - 1053*a**2 + 1055*a - 978. Calculate v(350).
772
Let c(y) = 28*y**2 - 105*y - 664. Determine c(-7).
1443
Let k(b) = -2*b**3 - 8*b**2 + 76*b + 358. What is k(-5)?
28
Let x(i) = -19*i**2 + 672*i + 1298. Give x(37).
151
Let k(g) = -15*g + 1828. Give k(51).
1063
Let d(h) = 2*h**3 + 1376*h**2 - 302*h - 207770. Calculate d(-688).
6
Let q(c) = 10*c**2 + 269*c + 1597. What is q(-6)?
343
Let p(w) = 11520*w + 103688. What is p(-9)?
8
Let k(r) = -2*r**3 - 33*r**2 + 39*r + 659. Calculate k(-17).
285
Let k(j) = -j**3 + 17*j**2 - 553*j + 9411. What is k(17)?
10
Let a(k) = 918*k**2 + 7325*k - 155. Determine a(-8).
-3
Let c(g) = g**3 - 133*g**2 - 96*g - 3722. Determine c(134).
1370
Let k(q) = 2*q**3 - 22*q**2 - 1485*q + 16306. Determine k(11).
-29
Let u(s) = -3*s**3 + 12*s**2 - 12575*s + 50304. Calculate u(4).
4
Let b(h) = h**3 - 148*h**2 + 245*h - 14445. Calculate b(147).
-39
Let a(o) = 29*o**3 - 16359*o**2 + 1709*o - 9596. What is a(564)?
-8
Let p(n) = 7*n**3 + 291*n**2 + 155*n - 402. Determine p(-41).
-33
Let m(n) = 641198*n - 3206011. Calculate m(5).
-21
Let q(y) = 2*y**3 + 55*y**2 + 260*y + 6301. What is q(-27)?
10
Let r(c) = 8369*c - 192478. Determine r(23).
9
Let d(s) = -5*s**3 + 3813*s**2 - 349648*s + 3. Calculate d(656).
3
Let v(m) = 3*m**3 - 9*m**2 - 637*m - 1914. Give v(-11).
11
Let x(a) = 2808301*a - 16849804. What is x(6)?
2
Let o(l) = -2*l**3 + 66*l**2 + 6*l - 67. Determine o(0).
-67
Let o(z) = -2*z**2 - 84007*z + 9011642. What is o(107)?
-5
Let i(n) = -246*n + 3008. Give i(13).
-190
Let h(u) = -15413*u + 6920431. Give h(449).
-6
Let m(a) = 1100*a + 12000. Give m(-11).
-100
Let w(r) = -771*r + 45895. Give w(59).
406
Let o(h) = -h**3 - 11*h**2 - 111*h - 338. What is o(-6)?
148
Let m(f) = -f**3 - 49*f**2 - 35*f + 219. What is m(-48)?
-405
Let o(y) = -158*y + 927. What is o(5)?
137
Let t(v) = 96944*v + 97400. Give t(-1).
456
Let x(j) = 12989*j + 623461. Give x(-48).
-11
Let f(i) = -5*i**2 - 8351*i - 444179. Determine f(-55).
1
Let r(a) = 43*a**3 + 162*a**2 + 31*a + 96. Calculate r(-4).
-188
Let c(b) = b**3 - 63*b**2 + 892*b - 2478. Determine c(44).
-14
Let f(m) = -1168890*m + 4675561. Calculate f(4).
1
Let n(c) = 2*c**3 + 37*c**2 - 1304*c - 91. Determine n(18).
89
Let v(c) = 2*c**2 + 133*c + 131. What is v(-61)?
-540
Let v(n) = -459*n + 21203. Calculate v(46).
89
Let x(f) = 12*f**2 - 1205*f + 6008. What is x(5)?
283
Let n(o) = 3*o**2 + 323*o + 8562. Calculate n(-48).
-30
Let w(h) = 12625*h**2 - 63160*h + 10. Give w(5).
-165
Let l(c) = -c**3 - 63*c**2 + 450*c + 24715. What is l(-64)?
11
Let h(y) = 52*y**2 + 81*y + 62. Calculate h(-3).
287
Let m(r) = r**3 + 46*r**2 - 23*r + 1250. Determine m(-47).
122
Let a(y) = 2654*y**2 + 15928*y + 13. Determine a(-6).
-11
Let l(o) = -14*o**2 + 9247*o + 65413. Give l(-7).
-2
Let u(i) = 506*i - 19412. Give u(38).
-184
Let s(c) = -3*c**3 + 236*c**2 - 433*c + 40408. Determine s(79).
-40
Let d(f) = -37566*f + 4808452. Determine d(128).
4
Let d(t) = -t**3 - 118*t**2 - 541*t + 2335. Determine d(-113).
-377
Let c(d) = 1497*d + 5675. Give c(-5).
-1810
Let n(d) = -d**2 - 211*d - 5476. What is n(-177)?
542
Let l(b) = -18*b**2 + 226*b - 323. Determine l(11).
-15
Let m(k) = 4*k**2 + 398*k - 1209. Calculate m(3).
21
Let t(a) = 114*a - 2645. Give t(23).
-23
Let g(h) = -4*h**3 - 42*h**2 - 80*h - 1139. Calculate g(-11).
-17
Let i(y) = -y**2 - 214*y - 6767. Determine i(-39).
58
Let k(m) = 2*m**2 + 6377*m - 63988. Give k(10).
-18
Let h(y) = -7627*y + 800837. Determine h(105).
2
Let o(w) = -10*w**2 - 1268*w - 751. Determine o(-128).
-2287
Let j(s) = -35857*s - 501987. Determine j(-14).
11
Let f(g) = 1757*g - 9519. Calculate f(6).
1023
Let f(t) = 252*t**2 + 2010*t - 9. Determine f(-8).
39
Let k(o) = 24*o**2 + 125*o + 119. Determine k(-1).
18
Let z(x) = 8*x**3 - 40*x**2 - 24*x + 106. Give z(5).
-14
Let h(c) = 233*c + 1819. What is h(-12)?
-977
Let y(f) = 649*f - 530. What is y(1)?
119
Let l(t) = -3*t**3 + 13*t**2 + 545*t - 3102. Determine l(6).
-12
Let l(i) = 220*i - 19822. Determine l(92).
418
Let b(u) = -u**3 + 12*u**2 - 525*u + 6207. Determine b(12).
-93
Let t(q) = -144*q**2 + 4318*q - 18. Give t(30).
-78
Let t(r) = -2059*r - 39815. Determine t(-19).
-694
Let b(r) = 3209*r - 1575618. What is b(491)?
1
Let n(w) = 8774*w + 34633. Give n(-4).
-463
Let j(f) = 387*f**3 + 65*f**2 - 136*f - 22. What is j(2)?
3062
Let n(r) = 2*r**3 + 248*r**2 + 490*r - 149. What is n(-122)?
-393
Let a(c) = 2*c**3 + 26*c**2 + 141*c + 1653. Calculate a(-12).
249
Let b(c) = 4*c**2 - 8821*c - 70649. Give b(-8).
175
Let t(c) = 125*c + 499. Calculate t(-5).
-126
Let i(k) = k**3 - 714*k**2 - 34*k + 23245. Calculate i(714).
-1031
Let u(z) = z**3 - 228*z**2 - 1194*z + 61743. What is u(232)?
31
Let r(n) = n**3 - 188*n**2 + 4486*n - 167. What is r(28)?
1
Let j(c) = -1335*c - 1819. Give j(-2).
851
Let j(s) = 82566*s - 1816453. Determine j(22).
-1
Let j(b) = -1038*b - 121619. What is j(-117)?
-173
Let w(q) = 143*q**2 + 536*q + 27. What is w(-8)?
4891
Let t(o) = -337*o**2 - 3992*o + 7. Calculate t(-11).
3142
Let h(n) = -n**3 - 36*n**2 + 435*n + 13605. Give h(-38).
-37
Let f(c) = c**2 - 17*c - 3947. Calculate f(-55).
13
Let a(i) = -10*i**2 + 7514*i - 45099. What is a(6)?
-375
Let d(s) = s**3 + 444*s**2 - 5899*s - 190. Determine d(13).
356
Let y(s) = -3069*s + 742617. What is y(242)?
-81
Let t(d) = d**3 + 20*d**2 + 114*d + 1341. What is t(-20)?
-939
Let z(i) = -224*i**2 + 274*i - 26. Determine z(3).
-1220
Let k(j) = 25*j**3 + 299*j**2 - 25*j - 138. Determine k(-12).
18
Let s(u) = -u**2 + 2951*u - 